*n**2 + u*n + 8*n**2 - 307*n. What is m(-1)?
13
Suppose 0 = 12*p - 8*p - w + 75, -2*p - 5*w - 43 = 0. Let g(s) = -s**2 - 18*s + 3. Give g(p).
-16
Let h(k) be the first derivative of -k**3/3 - 2*k**2 + 35*k - 3063. Give h(-7).
14
Let q(l) be the first derivative of 1/24*l**4 + 0*l + 11*l**2 - 1/3*l**3 - 21. Let n(y) be the second derivative of q(y). What is n(6)?
4
Let y = 567 - 356. Let s(q) = y - 98 - q**3 - 5*q - 107 + 6*q**2. What is s(5)?
6
Let a(q) = 68*q + 5. Let z(g) = -305*g - 19. Let h(o) = 9*a(o) + 2*z(o). Determine h(-16).
-25
Let n(f) = 2*f - 9. Let v(o) = -3*o + 16. Let h(j) = 5*n(j) + 2*v(j). Suppose 0 = -g - 12 + 7. Let d(s) = -2*s + 7. Let p(q) = g*d(q) - 3*h(q). Calculate p(-7).
18
Suppose 45*s - 160 = 20. Let p(i) = 22*i - 89. What is p(s)?
-1
Let x(n) = -2*n + 3. Let a(z) = 10*z - 14. Let f(m) = -2*a(m) - 11*x(m). Suppose -4*o - 33 = -101. Let k = o + -9. Give f(k).
11
Let w(m) = -5537141 + m**3 + 14*m**2 + 5537149 + 14*m + 0*m**3. Calculate w(-13).
-5
Suppose -8*a - 46 = -54. Let p(b) = 2*b**2 - 8*b + 0*b + 11*b + b + a. Determine p(-4).
17
Let x(q) be the third derivative of -11/30*q**5 + 0*q + 1/12*q**4 + 1/6*q**3 - 29*q**2 + 0. Suppose 0 = 21*n - 15*n + 6. Calculate x(n).
-23
Suppose 3*v + 210 = 3*k + 207, -2*k - 62 = -10*v. Let a(o) be the third derivative of -o**5/30 + o**4/2 - o**3/6 - o**2. Determine a(v).
-33
Let j(u) be the first derivative of 6*u**2 + 32*u - 2660. Calculate j(-4).
-16
Let c(q) = -5*q**2 + 40*q + 164. Let i be c(11). Let n(z) = 89*z - 1. Calculate n(i).
-90
Let n(c) = -302*c + 19618. Let s be n(65). Let w(v) = -v**3 - 16*v**2 - 48*v - 11. Calculate w(s).
-11
Let t(u) be the second derivative of u**5/10 - 11*u**4/6 - 25*u**3/6 + 9*u**2/2 - 32*u - 4. Calculate t(12).
-3
Let y(g) = g**2 - 7*g - 3. Let m be y(9). Suppose m = 2*z + z + j, 5*z - 14 = 2*j. Let s(w) = 0 + 0 - 13*w**2 + 12*w**2 + 6*w - z. What is s(6)?
-4
Let l(h) be the first derivative of -h**3/3 + 7*h**2/2 + 6*h - 400. What is l(6)?
12
Let v(w) = -3*w**3 - 49*w**2 + 52*w - 5. Let x(f) = f**3 + 24*f**2 - 25*f + 3. Let z be (-4)/6 + 143/(-165)*5. Let d(a) = z*x(a) - 2*v(a). Determine d(21).
-5
Suppose 0 = 108*v - 113*v, 85 = 5*p - 4*v. Let i(d) = d**2 - 18*d + 5. What is i(p)?
-12
Let s = 37 - 63. Let y = 20 - s. Let v(o) = -y*o + 1 + 55*o + 0. Calculate v(-1).
-8
Let m(h) = h**2 + 19*h - 210. Let i be m(8). Let l(k) be the second derivative of 7*k + 0 + 1/12*k**4 - 5/6*k**3 - 1/2*k**2. What is l(i)?
5
Suppose -2*c - v = -4*v - 425, 4*v - 663 = -3*c. Let a(j) = -216*j**2 + c*j**2 + 2*j - 5 + 2*j. What is a(-3)?
-8
Let j be 5/(-2)*(-49 + 51). Let u(f) = 9*f + 2. Calculate u(j).
-43
Let p(y) = y**2 - y - 5. Let s(o) = 0*o**3 - 28 + 9*o**2 + o**3 - 23 + 27 + 11*o. Let m be s(-7). Give p(m).
7
Let v(q) = -q**2 + 6*q + 5. Suppose -4*m + m - 2*y = 12, 2*m - 4*y = -24. Let r(a) = 15*a + 97. Let b be r(m). Calculate v(b).
-2
Let x(b) = b - 7. Let a = -611 + 102. Let w = a + 519. Calculate x(w).
3
Let u(y) = -y + 1. Suppose 15*d - 2*b = 12*d - 4, 3*b + 12 = 0. Let h be 2*1*((-3)/(-6) + d). What is u(h)?
8
Let h(y) = -y + 476 - 11*y - 35*y - 19*y + 6*y. Give h(8).
-4
Let f be 12*4*(14/6 - 2). Suppose 4*p + 5 = 5*s + f, -4*p + 46 = 2*s. Let u(n) = -p - 4*n**2 + 0*n**2 + 7*n + 2*n**2 + n**2. Calculate u(7).
-9
Let s(i) = -13*i**2 + 17*i - 24. Let l(h) = -11*h**2 + 17*h - 20. Let a(n) = -5*l(n) + 4*s(n). Suppose -16*m - m = -85. Determine a(m).
-6
Let j(l) = -7*l**3 - 11*l + 27*l**2 - 27*l**2 + 13*l - 1. Let t = 4 - 3. Give j(t).
-6
Let h(z) = z**3 + z + 47. Let a be 1/((9/15)/(-3)) - (66 - 71). Give h(a).
47
Let a(l) be the third derivative of l**5/20 + 19*l**4/12 + 4*l**3 - 4470*l**2. What is a(-12)?
0
Let s(p) be the third derivative of -p**6/30 - p**5/30 + p**4/8 - 2*p**3 - 146*p**2 - 35*p. Determine s(0).
-12
Let p(l) be the third derivative of -l**6/120 + 2*l**5/15 + l**4/12 - 2*l**3/3 - 527*l**2. What is p(8)?
12
Let j(q) = 14*q - 39*q + 9*q - 8 + 9 - q**2 + 17*q. Suppose 26*f - 8 = 22*f. Give j(f).
-1
Let t = 66 - 64. Let r(o) = -2*o + 7*o - 11 - 6*o + 0*o**2 - o**t. Determine r(0).
-11
Let t(h) = h**3 - 10*h**2 + 17*h + 25. Let p(l) = -4*l**3 - 47*l**2 - 43*l - 653. Let y be p(-12). What is t(y)?
-3
Let s = 8 - 10. Let k be 3/s + 33/6. Let a(i) = -i + 4. Let c be a(k). Let h(f) = f + 2. What is h(c)?
2
Let a be (27/(-12) + 0)/(36/48). Let v(c) = -c**3 - 2*c**2 + c - 2. Determine v(a).
4
Let x(r) be the second derivative of r**3/3 + r**2/2 + 225*r. Let h(b) = 2*b**2 + 15*b + 5. Let y(q) = h(q) - 6*x(q). What is y(-2)?
1
Let p(s) = 8*s - 144. Suppose 31*n - 972 = -23*n. What is p(n)?
0
Let r(m) = 44 + 46 + 51 + 51 - 197 - m. Let i = -21 + 12. What is r(i)?
4
Let b = 1 - -3. Let x(d) = -8*d + 1. Let c(s) = 10*s - 1. Suppose 0 = -4*r - 75 + 91. Let v(j) = r*x(j) + 3*c(j). Calculate v(b).
-7
Let s = 1 + -1. Let n(p) = -162*p**2 + 702 - 698 + 81*p**2 + 82*p**2. What is n(s)?
4
Let f(j) = -242 - 12*j**2 + 229 + 158*j + j**3 - 158*j. Give f(12).
-13
Let u(x) be the third derivative of -x**6/60 + 2*x**5/15 - 5*x**4/24 + x**3/6 - 8*x**2 - 10*x + 1. Calculate u(3).
4
Let w = -48 + 50. Suppose -23 = w*n - 3*i, -i - 2*i = -15. Let v(b) be the second derivative of b**5/20 + 7*b**4/12 + 7*b**3/6 + 5*b**2/2 - 9*b. Give v(n).
25
Let y(g) = -g**3 + 23*g**2 + 16*g - 3. Let f = 9912 - 9888. Give y(f).
-195
Suppose 0 = 4*u + 4 - 12. Suppose -4*q - 2*h + 20 = 0, -8*q + 7*q - 1 = -h. Let j(l) = -17*l**2 + l**q + 11*l**2 + u*l + 13*l**2 + 5. Determine j(-7).
-9
Let m(f) be the third derivative of -f**5/60 + 4*f**4/3 + 32*f**3/3 - 370*f**2. What is m(34)?
-4
Let r(h) be the second derivative of -2*h**3/3 + 65*h**2/2 + 2804*h. Calculate r(15).
5
Let g(l) = -l**3 - 11*l**2 + 7*l + 6. Let x(h) be the first derivative of h**4/4 + 3*h**3 - 3*h**2 - 5*h - 43. Let m(p) = -4*g(p) - 5*x(p). What is m(2)?
-7
Let z = 122 + -118. Let a(d) be the first derivative of 10 + z*d**3 + 66*d + 69*d - 134*d. Calculate a(-1).
13
Let o(y) be the third derivative of -y**5/15 + 47*y**4/24 + 13*y**3/6 + 248*y**2 + 5. What is o(12)?
1
Let s(f) = -7*f + 1. Suppose 92 = -2*d - q + 427, -507 = -3*d + 3*q. Let x be 8/6*(-126)/d. Calculate s(x).
8
Let s(i) = -269*i**3 - 27*i**2 + 70*i + 27. Let m(v) = -85*v**3 - 9*v**2 + 23*v + 9. Let y(l) = 19*m(l) - 6*s(l). Determine y(-11).
64
Let k(o) = -42*o**3 - 6*o**2 + 26 + 6*o**2 + 41*o**3. Calculate k(0).
26
Suppose 98 - 64 = -3*x + 4*i, i = 2*x + 21. Let t(b) = -20*b - 31. Give t(x).
169
Let d(m) = -m**2 - 2*m - 7. Let p be (44/8 + -5)*0. Suppose 9*i + 54 = -p. Give d(i).
-31
Let d(l) = 4*l - 2. Let q(r) = -5*r + 3. Let x(p) = -6*d(p) - 5*q(p). Let m be x(8). Let s(i) be the first derivative of 3*i**2/2 - 6*i + 38. Give s(m).
9
Let l(r) = 2*r - 10*r + 5*r + 5*r + 10. Let t be l(-5). Let g(x) = -x**2 - x - 4. Calculate g(t).
-4
Let a(b) = 88*b**2 - 2*b + 1. Suppose 70*n - 4 = -36 + 102. Give a(n).
87
Let g = 31 + -29. Let c(a) = -1 + 3*a**3 - g*a**3 + 132*a - 136*a. Calculate c(3).
14
Suppose -4*r + 8 - 12 = 0. Let z(n) = -19*n**2. Let l(q) = -202*q**2 + q. Let d(p) = l(p) - 10*z(p). Give d(r).
-13
Let j(z) be the third derivative of 0*z + 0 - 1/60*z**5 - 31/6*z**3 + 23*z**2 + 1/24*z**4. Calculate j(0).
-31
Let z(t) = 1. Let b(f) = -7 - 26*f**2 + 57*f**2 - f + f**3 - 32*f**2. Let h(u) = -b(u) - 4*z(u). Give h(0).
3
Let k(v) = 5*v + 5. Suppose 263*a + 3 = 260*a. Let m be (-5 + 2 + 4)/(a/3). What is k(m)?
-10
Suppose 0 = 6*y - y + h - 149, 2*y = -3*h + 70. Suppose 38*n + y = -85. Let u(i) be the third derivative of -i**4/4 - i**3/6 - i**2. Calculate u(n).
17
Let u(r) = -1 - 47*r - 50*r + 106*r - 1. Let t be (10 - 5)*(-28)/70. Calculate u(t).
-20
Let o(f) = -5 + 59*f + 59*f - 269*f + 60*f + 65*f. What is o(1)?
-31
Suppose 13*n = -130, 22 = -4*f - 5*n - 8. Let l(u) = 12 - 5*u - 8 + 2*u + 15. What is l(f)?
4
Let u(h) = 10*h - 2. Let d(n) = -n**3 - 6*n**2 - 10*n - 6. Let p be (4 + 5)/(1 - 5/2). Let g be (-6)/(-3*3/p). Let a be d(g). Give u(a).
18
Let a(n) = -n**3 - 4*n**2 - 5*n - 2. Suppose b = 4*c - 313, 3*c - 1565 = 28*b - 23*b. Let p = b - -310. What is a(p)?
4
Let y(j) = j**3 - 2*j**2 + 2*j. Let t be y(2). Let h(n) be the first derivative of -n**4/4 + 5*n**3/3 - 5*n**2/2 + 30786. Calculate h(t).
-4
Let r be 3*3*4/6. Let s(p) be the third derivative of -